{"id":409,"date":"2025-10-17T15:59:28","date_gmt":"2025-10-17T15:59:28","guid":{"rendered":"https:\/\/auberge-colombier-vd.ch\/?page_id=409"},"modified":"2026-01-08T10:11:30","modified_gmt":"2026-01-08T10:11:30","slug":"evenements","status":"publish","type":"page","link":"https:\/\/auberge-colombier-vd.ch\/index.php\/evenements\/","title":{"rendered":"\u00c9v\u00e9nements"},"content":{"rendered":"\n<hr class=\"wp-block-separator has-alpha-channel-opacity\"\/>\n\n\n\n<h2 class=\"wp-block-heading\">\u00c9v\u00e9nements actuellement :<\/h2>\n\n\n\n<p>Pas d&rsquo;\u00e9v\u00e9nements en cours.. Suivez nous sur les r\u00e9seaux sociaux pour \u00eatre inform\u00e9 des prochains \u00e9v\u00e9nements<\/p>\n\n\n\n<div class=\"wp-block-buttons is-layout-flex wp-block-buttons-is-layout-flex\">\n<div class=\"wp-block-button\"><a class=\"wp-block-button__link wp-element-button\" href=\"https:\/\/www.instagram.com\/aubergecolombiervd\/\">Instagram<\/a><\/div>\n\n\n\n<div class=\"wp-block-button\"><a class=\"wp-block-button__link wp-element-button\" href=\"https:\/\/www.facebook.com\/profile.php?id=61582485165433\">Facebook<\/a><\/div>\n<\/div>\n\n\n\n<h2 class=\"wp-block-heading\">\u00c9v\u00e9nements futurs :<\/h2>\n\n\n\n<p>Pas d&rsquo;\u00e9v\u00e9nements prochainement.. Suivez nous sur les r\u00e9seaux sociaux pour \u00eatre inform\u00e9 des prochains \u00e9v\u00e9nements <\/p>\n\n\n\n<div class=\"wp-block-buttons is-layout-flex wp-block-buttons-is-layout-flex\">\n<div class=\"wp-block-button\"><a class=\"wp-block-button__link wp-element-button\" href=\"https:\/\/www.instagram.com\/aubergecolombiervd\/\">Instagram<\/a><\/div>\n\n\n\n<div class=\"wp-block-button\"><a class=\"wp-block-button__link wp-element-button\" href=\"https:\/\/www.facebook.com\/profile.php?id=61582485165433\">Facebook<\/a><\/div>\n<\/div>\n\n\n\n<hr class=\"wp-block-separator has-alpha-channel-opacity\"\/>\n\n\n\n<h2 class=\"wp-block-heading\">\u00c9v\u00e9nements pass\u00e9s :<\/h2>\n\n\n\n<p>D\u00e9sol\u00e9, ces \u00e9v\u00e9nements sont termin\u00e9s, mais ils pourraient revenir bient\u00f4t ?<\/p>\n\n\n\n<hr class=\"wp-block-separator has-alpha-channel-opacity\"\/>\n\n\n\n<h2 class=\"wp-block-heading\">Menu de No\u00ebl<\/h2>\n\n\n\n<div class=\"wp-block-columns is-layout-flex wp-container-core-columns-is-layout-28f84493 wp-block-columns-is-layout-flex\">\n<div class=\"wp-block-column is-layout-flow wp-block-column-is-layout-flow\" style=\"flex-basis:66.66%\">\n<p><strong>Du 19 D\u00e9cembre au 24 D\u00e9cembre<\/strong><\/p>\n\n\n\n<p>Nous sommes tr\u00e8s heureux de vous pr\u00e9senter notre tout premier menu de No\u00ebl suite \u00e0 la r\u00e9ouverture de notre \u00e9tablissement le 1er novembre dernier.<\/p>\n\n\n\n<p><strong>Prix <\/strong>: 65 CHF par personnes ( hors boissons )<\/p>\n\n\n\n<p>Sur r\u00e9servation de pr\u00e9f\u00e9rence<\/p>\n\n\n\n<hr class=\"wp-block-separator has-alpha-channel-opacity\"\/>\n<\/div>\n\n\n\n<div class=\"wp-block-column is-layout-flow wp-block-column-is-layout-flow\" style=\"flex-basis:33.33%\">\n<figure class=\"wp-block-image size-large\"><img fetchpriority=\"high\" decoding=\"async\" width=\"819\" height=\"1024\" src=\"https:\/\/auberge-colombier-vd.ch\/wp-content\/uploads\/2025\/11\/noel-819x1024.png\" alt=\"\" class=\"wp-image-464\" srcset=\"https:\/\/auberge-colombier-vd.ch\/wp-content\/uploads\/2025\/11\/noel-819x1024.png 819w, https:\/\/auberge-colombier-vd.ch\/wp-content\/uploads\/2025\/11\/noel-240x300.png 240w, https:\/\/auberge-colombier-vd.ch\/wp-content\/uploads\/2025\/11\/noel-768x960.png 768w, https:\/\/auberge-colombier-vd.ch\/wp-content\/uploads\/2025\/11\/noel-600x750.png 600w, https:\/\/auberge-colombier-vd.ch\/wp-content\/uploads\/2025\/11\/noel.png 1080w\" sizes=\"(max-width: 819px) 100vw, 819px\" \/><\/figure>\n<\/div>\n<\/div>\n\n\n\n<h2 class=\"wp-block-heading\">Pintes ouvertes<\/h2>\n\n\n\n<div class=\"wp-block-columns is-layout-flex wp-container-core-columns-is-layout-28f84493 wp-block-columns-is-layout-flex\">\n<div class=\"wp-block-column is-layout-flow wp-block-column-is-layout-flow\" style=\"flex-basis:66.66%\">\n<p><strong>Du 04 D\u00e9cembre au 06 D\u00e9cembre<\/strong><\/p>\n\n\n\n<p>En collaboration avec GastroVaud, venez d\u00e9guster une fondue au fromage \u00ab\u00a0moiti\u00e9-moiti\u00e9\u00a0\u00bb. <\/p>\n\n\n\n<p>Un verre de Chasselas est offert pour l&rsquo;ap\u00e9ro.<\/p>\n\n\n\n<p><strong>Prix <\/strong>: 20 CHF par personnes<\/p>\n\n\n\n<hr class=\"wp-block-separator has-alpha-channel-opacity\"\/>\n<\/div>\n\n\n\n<div class=\"wp-block-column is-layout-flow wp-block-column-is-layout-flow\" style=\"flex-basis:33.33%\">\n<figure class=\"wp-block-image size-large\"><img decoding=\"async\" width=\"1024\" height=\"508\" src=\"https:\/\/auberge-colombier-vd.ch\/wp-content\/uploads\/2025\/10\/fondue-1024x508.png\" alt=\"\" class=\"wp-image-418\" srcset=\"https:\/\/auberge-colombier-vd.ch\/wp-content\/uploads\/2025\/10\/fondue-1024x508.png 1024w, https:\/\/auberge-colombier-vd.ch\/wp-content\/uploads\/2025\/10\/fondue-300x149.png 300w, https:\/\/auberge-colombier-vd.ch\/wp-content\/uploads\/2025\/10\/fondue-768x381.png 768w, https:\/\/auberge-colombier-vd.ch\/wp-content\/uploads\/2025\/10\/fondue-600x298.png 600w, https:\/\/auberge-colombier-vd.ch\/wp-content\/uploads\/2025\/10\/fondue.png 1096w\" sizes=\"(max-width: 1024px) 100vw, 1024px\" \/><\/figure>\n<\/div>\n<\/div>\n\n\n\n<h2 class=\"wp-block-heading\">Menu Black Friday<\/h2>\n\n\n\n<div class=\"wp-block-columns is-layout-flex wp-container-core-columns-is-layout-28f84493 wp-block-columns-is-layout-flex\">\n<div class=\"wp-block-column is-layout-flow wp-block-column-is-layout-flow\" style=\"flex-basis:66.66%\">\n<p><strong>Le 28 novembre \u00e0 partir de 19h00<\/strong><\/p>\n\n\n\n<p>Ne manquez pas notre offre \u00ab\u00a0Black Friday\u00a0\u00bb et venez d\u00e9guster un menu complet pour seulement 29CHF !! Une offre \u00e0 ne pas rater !<\/p>\n\n\n\n<p><strong>Prix <\/strong>: 29 CHF<\/p>\n\n\n\n<p>&#8211; Merci de r\u00e9server afin de profiter de l&rsquo;offre &#8211;<\/p>\n\n\n\n<div class=\"wp-block-buttons is-layout-flex wp-block-buttons-is-layout-flex\">\n<div class=\"wp-block-button\"><a class=\"wp-block-button__link wp-element-button\">R\u00e9server<\/a><\/div>\n\n\n\n<div class=\"wp-block-button\"><a class=\"wp-block-button__link wp-element-button\" href=\"tel:+41218697584\">Appeler<\/a><\/div>\n<\/div>\n<\/div>\n\n\n\n<div class=\"wp-block-column is-layout-flow wp-block-column-is-layout-flow\" style=\"flex-basis:33.33%\">\n<figure class=\"wp-block-image size-full\"><img decoding=\"async\" width=\"1024\" height=\"1536\" src=\"https:\/\/auberge-colombier-vd.ch\/wp-content\/uploads\/2025\/11\/black.png\" alt=\"\" class=\"wp-image-452\" srcset=\"https:\/\/auberge-colombier-vd.ch\/wp-content\/uploads\/2025\/11\/black.png 1024w, https:\/\/auberge-colombier-vd.ch\/wp-content\/uploads\/2025\/11\/black-200x300.png 200w, https:\/\/auberge-colombier-vd.ch\/wp-content\/uploads\/2025\/11\/black-683x1024.png 683w, https:\/\/auberge-colombier-vd.ch\/wp-content\/uploads\/2025\/11\/black-768x1152.png 768w, https:\/\/auberge-colombier-vd.ch\/wp-content\/uploads\/2025\/11\/black-600x900.png 600w\" sizes=\"(max-width: 1024px) 100vw, 1024px\" \/><\/figure>\n<\/div>\n<\/div>\n","protected":false},"excerpt":{"rendered":"<p>\u00c9v\u00e9nements actuellement : Pas d&rsquo;\u00e9v\u00e9nements en cours.. Suivez nous sur les r\u00e9seaux sociaux pour \u00eatre inform\u00e9 des prochains \u00e9v\u00e9nements \u00c9v\u00e9nements futurs : Pas d&rsquo;\u00e9v\u00e9nements prochainement.. Suivez nous sur les r\u00e9seaux sociaux pour \u00eatre inform\u00e9 des prochains \u00e9v\u00e9nements \u00c9v\u00e9nements pass\u00e9s : D\u00e9sol\u00e9, ces \u00e9v\u00e9nements sont termin\u00e9s, mais ils pourraient revenir bient\u00f4t [&hellip;]<\/p>\n","protected":false},"author":1,"featured_media":413,"parent":0,"menu_order":0,"comment_status":"closed","ping_status":"closed","template":"","meta":{"_themeisle_gutenberg_block_has_review":false,"footnotes":""},"class_list":["post-409","page","type-page","status-publish","has-post-thumbnail","hentry"],"jetpack_sharing_enabled":true,"_links":{"self":[{"href":"https:\/\/auberge-colombier-vd.ch\/index.php\/wp-json\/wp\/v2\/pages\/409","targetHints":{"allow":["GET"]}}],"collection":[{"href":"https:\/\/auberge-colombier-vd.ch\/index.php\/wp-json\/wp\/v2\/pages"}],"about":[{"href":"https:\/\/auberge-colombier-vd.ch\/index.php\/wp-json\/wp\/v2\/types\/page"}],"author":[{"embeddable":true,"href":"https:\/\/auberge-colombier-vd.ch\/index.php\/wp-json\/wp\/v2\/users\/1"}],"replies":[{"embeddable":true,"href":"https:\/\/auberge-colombier-vd.ch\/index.php\/wp-json\/wp\/v2\/comments?post=409"}],"version-history":[{"count":14,"href":"https:\/\/auberge-colombier-vd.ch\/index.php\/wp-json\/wp\/v2\/pages\/409\/revisions"}],"predecessor-version":[{"id":505,"href":"https:\/\/auberge-colombier-vd.ch\/index.php\/wp-json\/wp\/v2\/pages\/409\/revisions\/505"}],"wp:featuredmedia":[{"embeddable":true,"href":"https:\/\/auberge-colombier-vd.ch\/index.php\/wp-json\/wp\/v2\/media\/413"}],"wp:attachment":[{"href":"https:\/\/auberge-colombier-vd.ch\/index.php\/wp-json\/wp\/v2\/media?parent=409"}],"curies":[{"name":"wp","href":"https:\/\/api.w.org\/{rel}","templated":true}]}}